vided by 1510.
1504
Calculate the remainder when 24436611 is divided by 149.
15
What is the remainder when 9016451 is divided by 310912?
3
What is the remainder when 6385975 is divided by 1156?
231
What is the remainder when 7935989 is divided by 473?
468
Calculate the remainder when 284134 is divided by 6597.
463
Calculate the remainder when 21615361 is divided by 3663.
3661
What is the remainder when 20224882 is divided by 378?
370
Calculate the remainder when 7108271 is divided by 106.
17
Calculate the remainder when 983612 is divided by 163931.
26
Calculate the remainder when 44172197 is divided by 96.
5
What is the remainder when 13339809 is divided by 1918?
119
Calculate the remainder when 639226 is divided by 3088.
10
What is the remainder when 17041000 is divided by 48?
40
Calculate the remainder when 2606142 is divided by 868713.
3
Calculate the remainder when 1286854 is divided by 119.
107
Calculate the remainder when 1816626098 is divided by 76.
74
Calculate the remainder when 32048 is divided by 1476.
1052
What is the remainder when 313709 is divided by 333?
23
Calculate the remainder when 81111779 is divided by 20277936.
35
What is the remainder when 4348879 is divided by 2876?
367
What is the remainder when 38177 is divided by 2239?
114
Calculate the remainder when 5243763 is divided by 1747916.
15
What is the remainder when 10144757 is divided by 14?
7
Calculate the remainder when 1037739 is divided by 852.
3
What is the remainder when 7041693 is divided by 64?
29
Calculate the remainder when 784141 is divided by 784038.
103
Calculate the remainder when 187264549 is divided by 13268.
13265
Calculate the remainder when 84914 is divided by 1807.
1792
What is the remainder when 894527 is divided by 1411?
1364
What is the remainder when 3778161 is divided by 2691?
2688
Calculate the remainder when 87665 is divided by 2922.
5
What is the remainder when 4533976 is divided by 35?
6
What is the remainder when 794737436 is divided by 1331?
1329
What is the remainder when 326382 is divided by 3667?
19
Calculate the remainder when 156403 is divided by 14101.
1292
What is the remainder when 6183016 is divided by 2060979?
79
Calculate the remainder when 73102 is divided by 2542.
1926
What is the remainder when 506755 is divided by 7918?
3
What is the remainder when 766578 is divided by 153314?
8
What is the remainder when 3251108 is divided by 1083492?
632
What is the remainder when 495674 is divided by 2119?
1947
What is the remainder when 13310941 is divided by 1027?
1021
Calculate the remainder when 182611 is divided by 397.
388
What is the remainder when 1754070 is divided by 438308?
838
What is the remainder when 31394 is divided by 2730?
1364
Calculate the remainder when 4215113 is divided by 105.
98
Calculate the remainder when 3552582 is divided by 1184143.
153
What is the remainder when 8021 is divided by 5558?
2463
What is the remainder when 218068 is divided by 30981?
1201
What is the remainder when 9823153 is divided by 540?
13
What is the remainder when 1125991 is divided by 62555?
1
Calculate the remainder when 38527 is divided by 1.
0
Calculate the remainder when 848156 is divided by 353.
250
Calculate the remainder when 17711629 is divided by 2012.
2005
What is the remainder when 578972 is divided by 13?
4
Calculate the remainder when 222729729 is divided by 310.
309
What is the remainder when 515823 is divided by 856?
511
What is the remainder when 80155 is divided by 4005?
55
What is the remainder when 24981 is divided by 966?
831
What is the remainder when 48854603 is divided by 62077?
4
What is the remainder when 8074186 is divided by 20545?
1
What is the remainder when 8370108 is divided by 13307?
5
Calculate the remainder when 29155 is divided by 2845.
705
What is the remainder when 306023 is divided by 50999?
29
Calculate the remainder when 6727439 is divided by 2242450.
89
Calculate the remainder when 960661 is divided by 192077.
276
What is the remainder when 8741703 is divided by 273178?
7
Calculate the remainder when 2091635 is divided by 4597.
0
What is the remainder when 238839125 is divided by 682?
679
What is the remainder when 19075542 is divided by 428?
10
Calculate the remainder when 19192045 is divided by 2106.
67
What is the remainder when 1840677 is divided by 1417?
1411
What is the remainder when 568218 is divided by 256?
154
Calculate the remainder when 169707 is divided by 3535.
27
What is the remainder when 9171774 is divided by 569?
63
What is the remainder when 5170954 is divided by 344729?
19
What is the remainder when 631319 is divided by 59?
19
Calculate the remainder when 1498667 is divided by 749249.
169
What is the remainder when 31139105 is divided by 11?
8
What is the remainder when 637027 is divided by 1506?
1495
Calculate the remainder when 7267084 is divided by 726707.
14
What is the remainder when 21287167 is divided by 75?
67
Calculate the remainder when 4181705 is divided by 418157.
135
Calculate the remainder when 1165995 is divided by 12142.
363
Calculate the remainder when 221945 is divided by 1414.
1361
Calculate the remainder when 2935421 is divided by 1099.
1091
What is the remainder when 165519 is divided by 23?
11
Calculate the remainder when 72844595 is divided by 9.
8
What is the remainder when 154497 is divided by 60?
57
Calculate the remainder when 3784016 is divided by 2701.
2616
What is the remainder when 46643 is divided by 1727?
14
Calculate the remainder when 5927927 is divided by 1629.
1625
Calculate the remainder when 18102 is divided by 1080.
822
Calculate the remainder when 4010677 is divided by 2040.
37
Calculate the remainder when 30169 is divided by 788.
225
Calculate the remainder when 14386 is divided by 6959.
468
Calculate the remainder when 126732 is divided by 2642.
2558
Calculate the remainder when 510828 is divided by 3807.
690
What is the remainder when 30920710 is divided by 138?
16
Calculate the remainder when 36487835 is divided by 84.
83
What is the remainder when 5099847 is divided by 1553?
1348
What is the remainder when 31633978 is divided by 763?
761
Calculate the remainder when 81043 is divided by 2064.
547
What is the remainder when 186680325 is divided by 173?
4
What is the remainder when 15711166 is divided by 7855563?
40
What is the remainder when 782592 is divided by 52123?
747
Calculate the remainder when 10062664 is divided by 1628.
1624
Calculate the remainder when 123633 is divided by 476.
349
What is the remainder when 229178456 is divided by 51?
11
What is the remainder when 67933 is divided by 2192?
2173
What is the remainder when 4213839 is divided by 749?
714
Calculate the remainder when 74810 is divided by 9814.
6112
What is the remainder when 105027373 is divided by 52?
9
What is the remainder when 8542256 is divided by 406773?
23
What is the remainder when 98131702 is divided by 835?
832
Calculate the remainder when 991961 is divided by 29175.
11
Calculate the remainder when 3984 is divided by 245.
64
What is the remainder when 44320 is divided by 2291?
791
Calculate the remainder when 3064752 is divided by 3779.
3762
What is the remainder when 233030 is divided by 2315?
1530
Calculate the remainder when 33688185 is divided by 1247709.
42
What is the remainder when 2333274 is divided by 46?
16
Calculate the remainder when 1952267 is divided by 9477.
5
What is the remainder when 2448371 is divided by 204030?
11
What is the remainder when 16904670 is divided by 1973?
6
What is the remainder when 40315 is divided by 282?
271
What is the remainder when 18082676 is divided by 380?
376
Calculate the remainder when 812314 is divided by 7452.
46
Calculate the remainder when 1034229 is divided by 44.
9
Calculate the remainder when 1103007 is divided by 2949.
81
Calculate the remainder when 14131997 is divided by 5351.
6
What is the remainder when 2096171 is divided by 101?
17
Calculate the remainder when 1050067 is divided by 245.
242
What is the remainder when 690402 is divided by 517?
207
What is the remainder when 7812578 is divided by 446?
442
Calculate the remainder when 40707 is divided by 6432.
2115
What is the remainder when 1735557 is divided by 133446?
759
What is the remainder when 23594296 is divided by 23?
22
Calculate 